s digit of (6925/2)/((-7)/28*-2)?
2
Let o be 3 + -112 - (0 + 3 + 1). Let q = 99 + o. What is the tens digit of ((-36)/(-6))/42 - 208/q?
1
Let u = 23931 - 12130. What is the ten thousands digit of u?
1
Let a be (-91 + 2)/(-1 + 0). Suppose 1 + a = 5*c. Suppose -191 + c = -y. What is the tens digit of y?
7
Let s = -55 + 28. Let t = -35 - s. What is the units digit of (-160)/t*(4 + 1)?
0
Let a = 352 - -1. Suppose a = h + 4*b - 176, 0 = -2*b - 10. What is the tens digit of h?
4
Let p = 11875 - 7083. What is the tens digit of p?
9
Suppose -6*p = 199 + 65. Let q = p - -46. Suppose -d - 3*k + 3 = -86, d + q*k = 92. What is the tens digit of d?
9
Suppose -4*d + 3*h + 14 = 0, 2*d = -d + 4*h + 7. Suppose 5*z + r = 3567, 0 = -14*z + 17*z + d*r - 2149. What is the hundreds digit of z?
7
Suppose 3*g + 35 = 41. What is the units digit of -1 - (-1 + (1 - g)) - -384?
5
Let s(b) be the third derivative of -b**5/10 + 9*b**4/4 - 2*b**3/3 + 5*b**2 + 4*b. What is the units digit of s(8)?
4
Let c = -221 + 223. Suppose 6*x = -4*y + 10*x + 1600, 0 = 3*y + c*x - 1200. What is the tens digit of y?
0
Let z = 3002 + 3472. What is the tens digit of z?
7
Let r(k) = k + 41. Let i be r(10). What is the tens digit of 2451/9 - (-34)/i?
7
Let h be -4 + (3 + -5 - 0). Let x be (-2*(-681)/h)/(1/2). Let s = 659 + x. What is the tens digit of s?
0
Suppose 7*c - 3*c = -2*r + 16764, 2*r - 16768 = -3*c. What is the hundreds digit of r?
3
Suppose -5*z - 36 = -x + 2876, 0 = 3*x - 2*z - 8749. What is the hundreds digit of x?
9
Let f = -7334 + 14595. What is the thousands digit of f?
7
Let k be (-29)/(-9) - (-6)/(-27). Suppose 38 = k*l - 2*v, 4*l + 0*l + v - 47 = 0. Let m(t) = t**3 - 12*t**2 + t + 5. What is the tens digit of m(l)?
1
Let i be 4 + -1*(8 - 4). Suppose -2*u + 3*u - 3*l - 82 = 0, i = 5*u + 4*l - 448. Suppose u + 476 = 6*v. What is the units digit of v?
4
Suppose 180 - 868 = -4*h. Suppose 0 = o - h - 323. What is the units digit of o?
5
Suppose -37971 = -4*f - 9339. What is the units digit of f?
8
Let v(u) = -728*u - 7. Let d = 74 - 75. Let m be v(d). Suppose -592 + 45 = -3*y + q, 4*y - 3*q - m = 0. What is the hundreds digit of y?
1
Suppose -2*h + 10 = 0, -4*u + 18 = -8*u + 2*h. What is the hundreds digit of (-1785 + -39)*u/4?
9
Suppose 0 = -5*k - 10*n + 14*n + 60, 4*k - 48 = 4*n. Let u(d) = 7*d**2 - 40*d + 32. What is the units digit of u(k)?
0
Let l = -45 - -48. Suppose -3*f = 8*r - l*r - 1011, -f = 5*r - 347. What is the tens digit of f?
3
Let g(o) = -o**3 - 23*o**2 + 11*o - 128. What is the units digit of g(-35)?
7
Suppose -3*x = 4*m - 243514, -4*m - 256*x = -255*x - 243518. What is the thousands digit of m?
0
Suppose -11*u + 6*u = -15. Suppose y = -0 - u. What is the tens digit of 110/y*(-144)/60?
8
Let i be 14/(-4)*(-84)/98. Suppose 0 = a + i*a - 91756. What is the tens digit of a/145 - (4/(-5) + 1)?
5
Let i(k) = -288*k + 19. Let n be i(-1). Suppose 2*t - 233 = n. What is the hundreds digit of t?
2
Suppose 1247*l - 1246*l - 3*p - 14672 = 0, 0 = -2*l - p + 29351. What is the tens digit of l?
7
Suppose 3*p - 3*t = 12903, -p - t + 1307 + 2986 = 0. Let g = p - 2923. What is the units digit of g?
4
Suppose -18*b - 217785 + 1259595 = 15*b. What is the tens digit of b?
7
Suppose 0 = -5*w - 45 + 65. Suppose 0 = 9*b + w*b - 4446. What is the units digit of b?
2
Let f = -21 - -23. Suppose 5*k - 7 = 3*k + 5*l, f*k - 4 = 2*l. Suppose -j = k - 7. What is the units digit of j?
6
What is the hundreds digit of ((-184495)/(-2))/((-125)/550*-11)?
8
Let p(d) = 2 + 1 - 60*d**2 + d**3 + 57*d**2 - 10*d. Let u be p(5). What is the tens digit of 1*u + (-3 - (5 - 76))?
7
Let m be 6/(-21)*(-1 + -6). Suppose w + l + 12 = -m*l, -2*l = -2*w + 16. Suppose -5*h = c - 483, 65 = -3*h + w*c + 344. What is the tens digit of h?
9
Suppose -2*y - 81 = -7*y - 2*l, l - 33 = -2*y. Let w(b) = 23*b - 60. What is the hundreds digit of w(y)?
2
Suppose 34*s + 312892 = 1552813 + 406733. What is the tens digit of s?
3
Let b(i) = 7*i - 4. Let c be b(-3). Let h be 15/c + 6/(-15). Let o(u) = -78*u + 3. What is the tens digit of o(h)?
8
Let g be 21938/4 - 3/(-24)*4. Suppose 32*i = 3955 + g. What is the hundreds digit of i?
2
Let a(x) = -x**3 + x**2 - 3*x + 4. Let g be a(1). Suppose -2*c = g - 19. Let b = c - 5. What is the units digit of b?
4
Let j be 1 - (12/6 + 0). What is the hundreds digit of j + 1 + 713 + (3 - -3)?
7
Let d(v) = -6195*v + 4206. What is the ten thousands digit of d(-7)?
4
Suppose 0 = 2*t - 3*m - 1843438, 3*t + 2*m - 2302114 - 463043 = 0. What is the hundreds digit of (-4)/30 - t/(-1005)?
9
Let n(v) = -453*v - 685. What is the tens digit of n(-13)?
0
Let j be (-2)/(-2) + (41 - (-4 - -4)). Let t = 71 - j. Let n = t + -5. What is the tens digit of n?
2
Suppose 0 = -30*o + 60890 - 17870. What is the units digit of o?
4
Let h be (-414)/15*1*5. Suppose -s = -o - 7, 5*o + 1 + 19 = 0. Let i = s - h. What is the hundreds digit of i?
1
Let j(x) = -x**2 - 12*x - 14. Let p be j(-11). Let h be (-12)/4 - 9*-1. Let r = h - p. What is the units digit of r?
9
Suppose -4*a + 145*x = 148*x - 314927, -5*x = 4*a - 314913. What is the units digit of a?
7
Let y(s) = 244*s + 1549. What is the hundreds digit of y(19)?
1
Let v = -257 + 259. Suppose -7*p + v*p = -1390. What is the units digit of p?
8
Let p(h) = -h**3 + 5*h**2 - 2*h + 7. Let j be p(5). Let n(z) = -5*z**3 - 2*z**2 + 4*z + 6. Let f be n(j). Suppose 22*o - f = 21*o. What is the units digit of o?
1
Let h(y) be the first derivative of -y**3/3 - y**2 + 6*y + 21. Let d be h(7). Let m = d - -78. What is the tens digit of m?
2
Let l(x) = -3*x**2 - 6*x - 28. Let g(q) = -7*q**2 - 13*q - 57. Let d(i) = 2*g(i) - 5*l(i). What is the tens digit of d(17)?
8
Let q(r) be the first derivative of -73*r**2 - 56*r + 195. What is the units digit of q(-7)?
6
Suppose -288*y + 269*y + 456 = 0. Suppose f - 376 = 5*f. Let z = y - f. What is the hundreds digit of z?
1
Let s(r) = -20*r**3 - 22*r**2 + 89*r + 836. What is the units digit of s(-12)?
0
Let c = -9152 - -17302. What is the hundreds digit of c?
1
Let t(h) = 7*h + 7. Let s(q) = q**3 + 6*q**2 - 3*q - 18. Let r be s(-6). Let a be t(r). What is the units digit of (-19 - a)/(6/(-33))?
3
Suppose -22*j - 13054 + 51334 = 0. Suppose 3*w - 2*d - 135 = j, -w = -3*d - 625. What is the units digit of w?
5
Let i(m) = -m**3 - 22*m**2 - 4*m + 30. Suppose -4*a = 113 + 411. Let v be (5/(-10))/(3 + a/44). What is the hundreds digit of i(v)?
1
Let l = 1991 - 1168. Suppose l + 255 = 14*a. What is the tens digit of a?
7
Suppose -z - 14*z + 2070 = 0. Let f(r) = r**3 - 55. Let n be f(0). Let i = n + z. What is the units digit of i?
3
Suppose -52 = -13*g + 39. Let l(p) = p**3 - 6*p**2 + 18*p - 46. What is the tens digit of l(g)?
2
Let t = 37196 + -24595. What is the units digit of t?
1
Let b = -2217 + 3641. Suppose 10*x - 276 = b. What is the units digit of x?
0
Suppose 3*o - 956 = 5*x, 984*o - 987*o - 4*x = -974. What is the tens digit of o?
2
Suppose 5*b - v + 1585 = 4*v, -2*b + 5*v - 625 = 0. Let s = 156 + b. Let o = s - -366. What is the tens digit of o?
0
Let t(m) = 5*m**2 + 20*m - 12*m**2 + 0*m + 5 + 9*m**2. Let k be t(-10). Suppose -k*p - 5 = 0, 3*l + 4*p = -0*l + 335. What is the tens digit of l?
1
Suppose w = 5*o - 209436, -41907 = -o - 19*w + 17*w. What is the ten thousands digit of o?
4
Let i(g) be the first derivative of g**3/3 - 16*g**2 - 17*g + 88. What is the tens digit of i(34)?
5
Let m = -997 - -1047. Suppose 3*q - 3*s = 4176, 52*s + 8 = m*s. What is the tens digit of q?
8
Let h = 121 + -74. Let s = 210 - h. What is the units digit of s?
3
Let g = 5575 - 2389. What is the hundreds digit of g?
1
Let a = 25219 + -13462. What is the hundreds digit of ((-33)/33)/(3 + a/(-3918))?
3
Suppose z = 3*n - 0*z - 31, z = n - 7. Suppose 3*x + c = -2*c + n, -c - 4 = -x. Suppose 0 = p - 6*p - 20, 0 = -x*d - 2*p + 208. What is the units digit of d?
4
Suppose -5*h = -2*h + 3*h. Suppose -r - 2*l + 239 = h, 5*r + 5*l - 1877 = -677. What is the units digit of r?
1
Let v = 3487 + -84. What is the units digit of v?
3
Let w(t) be the second derivative of -5*t**3/6 + 10*t**2 + 15*t. Let j be w(-13). What is the tens digit of -4 + (2 - 0) + j?
8
Suppose 18*l - 104*l + 667672 = -1010446. What is the thousands digit of l?
9
Suppose -3*t + 1788 = -6*t. Let b = -286